{"id":3313,"date":"2025-10-24T17:56:37","date_gmt":"2025-10-24T15:56:37","guid":{"rendered":"https:\/\/orthosportclinic.pl\/warszawa\/?page_id=3313"},"modified":"2025-12-12T21:11:53","modified_gmt":"2025-12-12T20:11:53","slug":"dr-tomasz-szymanski","status":"publish","type":"page","link":"https:\/\/orthosportclinic.pl\/warszawa\/dr-tomasz-szymanski\/","title":{"rendered":"Um\u00f3w wizyt\u0119 - Dr Tomasz Szyma\u0144ski"},"content":{"rendered":"","protected":false},"excerpt":{"rendered":"","protected":false},"author":5,"featured_media":2571,"parent":0,"menu_order":0,"comment_status":"closed","ping_status":"closed","template":"","meta":{"_acf_changed":false,"footnotes":""},"class_list":["post-3313","page","type-page","status-publish","has-post-thumbnail","hentry"],"acf":[],"_links":{"self":[{"href":"https:\/\/orthosportclinic.pl\/warszawa\/wp-json\/wp\/v2\/pages\/3313","targetHints":{"allow":["GET"]}}],"collection":[{"href":"https:\/\/orthosportclinic.pl\/warszawa\/wp-json\/wp\/v2\/pages"}],"about":[{"href":"https:\/\/orthosportclinic.pl\/warszawa\/wp-json\/wp\/v2\/types\/page"}],"author":[{"embeddable":true,"href":"https:\/\/orthosportclinic.pl\/warszawa\/wp-json\/wp\/v2\/users\/5"}],"replies":[{"embeddable":true,"href":"https:\/\/orthosportclinic.pl\/warszawa\/wp-json\/wp\/v2\/comments?post=3313"}],"version-history":[{"count":2,"href":"https:\/\/orthosportclinic.pl\/warszawa\/wp-json\/wp\/v2\/pages\/3313\/revisions"}],"predecessor-version":[{"id":3702,"href":"https:\/\/orthosportclinic.pl\/warszawa\/wp-json\/wp\/v2\/pages\/3313\/revisions\/3702"}],"wp:featuredmedia":[{"embeddable":true,"href":"https:\/\/orthosportclinic.pl\/warszawa\/wp-json\/wp\/v2\/media\/2571"}],"wp:attachment":[{"href":"https:\/\/orthosportclinic.pl\/warszawa\/wp-json\/wp\/v2\/media?parent=3313"}],"curies":[{"name":"wp","href":"https:\/\/api.w.org\/{rel}","templated":true}]}}